{"id":1419,"date":"2018-03-09T18:26:16","date_gmt":"2018-03-09T17:26:16","guid":{"rendered":"http:\/\/english67.fr\/?page_id=1419"},"modified":"2020-08-19T15:29:23","modified_gmt":"2020-08-19T14:29:23","slug":"frequency","status":"publish","type":"page","link":"https:\/\/english67.fr\/?page_id=1419","title":{"rendered":"Frequency"},"content":{"rendered":"<h1>Petit cours vid\u00e9o sur la fr\u00e9quence:<\/h1>\n<p><iframe loading=\"lazy\" title=\"Frequency adverbs in English : Always? Never? Sometimes?\" width=\"474\" height=\"267\" src=\"https:\/\/www.youtube.com\/embed\/lVnCbULik0A?feature=oembed\" frameborder=\"0\" allow=\"accelerometer; autoplay; clipboard-write; encrypted-media; gyroscope; picture-in-picture; web-share\" referrerpolicy=\"strict-origin-when-cross-origin\" allowfullscreen><\/iframe><\/p>\n<hr \/>\n<h1>Adverbes de fr\u00e9quence<\/h1>\n<p><strong><span style=\"color: #000080;\">Pour parler de fr\u00e9quence, on utilise des adverbes de fr\u00e9quence comme ALWAYS, NEVER, SOMETIMES, OFTEN etc.<\/span><\/strong><\/p>\n<p><span style=\"color: #ff00ff;\"><strong>O\u00f9 se placent les adverbes de fr\u00e9quence?<\/strong><\/span><\/p>\n<p><span style=\"color: #003366;\"><strong>Ils se placent toujours entre le sujet et le verbe, sauf avec le verbe BE conjugu\u00e9, o\u00f9 ils se placent apr\u00e8s le verbe:<\/strong><\/span><\/p>\n<p><span style=\"color: #ff0000;\"><strong>I <span style=\"color: #800080;\">always<\/span> eat sweets!<\/strong><\/span> (Je mange <strong><span style=\"color: #800080;\">toujours<\/span> <\/strong>des bonbons!)<\/p>\n<p><span style=\"color: #ff0000;\"><strong>I am <span style=\"color: #800080;\">often<\/span> alone at home.<\/strong><\/span> (Je suis <span style=\"color: #800080;\"><strong>souvent<\/strong> <\/span>seul \u00e0 la maison.)<\/p>\n<p><span style=\"color: #ff00ff;\"><strong>Pour v\u00e9rifier votre compr\u00e9hension de cette r\u00e8gle, faites le jeu suivant!<\/strong><\/span> <a href=\"https:\/\/learningapps.org\/watch?v=pikeozy3c18\" target=\"_blank\" rel=\"noopener noreferrer\">GAME (by Mrs FRITZ)<\/a><\/p>\n","protected":false},"excerpt":{"rendered":"<p>Petit cours vid\u00e9o sur la fr\u00e9quence: Adverbes de fr\u00e9quence Pour parler de fr\u00e9quence, on utilise des adverbes de fr\u00e9quence comme ALWAYS, NEVER, SOMETIMES, OFTEN etc. O\u00f9 se placent les adverbes de fr\u00e9quence? Ils se placent toujours entre le sujet et le verbe, sauf avec le verbe BE conjugu\u00e9, o\u00f9 ils se placent apr\u00e8s le verbe: &hellip; <a href=\"https:\/\/english67.fr\/?page_id=1419\" class=\"more-link\">Continuer la lecture de <span class=\"screen-reader-text\">Frequency<\/span>  <span class=\"meta-nav\">&rarr;<\/span><\/a><\/p>\n","protected":false},"author":1,"featured_media":0,"parent":0,"menu_order":0,"comment_status":"closed","ping_status":"closed","template":"","meta":{"footnotes":""},"class_list":["post-1419","page","type-page","status-publish","hentry"],"_links":{"self":[{"href":"https:\/\/english67.fr\/index.php?rest_route=\/wp\/v2\/pages\/1419","targetHints":{"allow":["GET"]}}],"collection":[{"href":"https:\/\/english67.fr\/index.php?rest_route=\/wp\/v2\/pages"}],"about":[{"href":"https:\/\/english67.fr\/index.php?rest_route=\/wp\/v2\/types\/page"}],"author":[{"embeddable":true,"href":"https:\/\/english67.fr\/index.php?rest_route=\/wp\/v2\/users\/1"}],"replies":[{"embeddable":true,"href":"https:\/\/english67.fr\/index.php?rest_route=%2Fwp%2Fv2%2Fcomments&post=1419"}],"version-history":[{"count":2,"href":"https:\/\/english67.fr\/index.php?rest_route=\/wp\/v2\/pages\/1419\/revisions"}],"predecessor-version":[{"id":2185,"href":"https:\/\/english67.fr\/index.php?rest_route=\/wp\/v2\/pages\/1419\/revisions\/2185"}],"wp:attachment":[{"href":"https:\/\/english67.fr\/index.php?rest_route=%2Fwp%2Fv2%2Fmedia&parent=1419"}],"curies":[{"name":"wp","href":"https:\/\/api.w.org\/{rel}","templated":true}]}}