{"id":490,"date":"2016-10-25T12:47:27","date_gmt":"2016-10-25T11:47:27","guid":{"rendered":"http:\/\/english67.fr\/?page_id=490"},"modified":"2018-01-27T16:05:39","modified_gmt":"2018-01-27T15:05:39","slug":"school-subjects","status":"publish","type":"page","link":"https:\/\/english67.fr\/?page_id=490","title":{"rendered":"School subjects"},"content":{"rendered":"<p><strong>Apprenez les mati\u00e8res scolaires avec ces vid\u00e9os. La premi\u00e8re vid\u00e9o vous permet d&rsquo;apprendre la prononciation et de vous entra\u00eener \u00e0 prononcer les mati\u00e8res correctement:<br \/>\n<\/strong><\/p>\n<p><iframe loading=\"lazy\" title=\"School subjects\" width=\"474\" height=\"267\" src=\"https:\/\/www.youtube.com\/embed\/pfKKXibBABY?feature=oembed\" frameborder=\"0\" allow=\"accelerometer; autoplay; clipboard-write; encrypted-media; gyroscope; picture-in-picture; web-share\" referrerpolicy=\"strict-origin-when-cross-origin\" allowfullscreen><\/iframe><\/p>\n<p><iframe loading=\"lazy\" title=\"School Subjects (favorite subject) - Kids vocabulary - English educational video\" width=\"474\" height=\"267\" src=\"https:\/\/www.youtube.com\/embed\/AnZxeX_8mVk?feature=oembed\" frameborder=\"0\" allow=\"accelerometer; autoplay; clipboard-write; encrypted-media; gyroscope; picture-in-picture; web-share\" referrerpolicy=\"strict-origin-when-cross-origin\" allowfullscreen><\/iframe><\/p>\n<p>&nbsp;<\/p>\n<hr \/>\n<p><a href=\"http:\/\/english67.fr\/wp-content\/uploads\/2016\/10\/school-subjects.png\"><img loading=\"lazy\" decoding=\"async\" class=\"alignnone size-full wp-image-491\" src=\"http:\/\/english67.fr\/wp-content\/uploads\/2016\/10\/school-subjects.png\" alt=\"school-subjects\" width=\"590\" height=\"880\" srcset=\"https:\/\/english67.fr\/wp-content\/uploads\/2016\/10\/school-subjects.png 590w, https:\/\/english67.fr\/wp-content\/uploads\/2016\/10\/school-subjects-201x300.png 201w\" sizes=\"auto, (max-width: 590px) 100vw, 590px\" \/><\/a><\/p>\n<p><a href=\"https:\/\/learningapps.org\/view2207894\" target=\"_blank\" rel=\"noopener\">Game 1: School subjects audio (by S. Darrieux)<\/a><\/p>\n<p><a href=\"https:\/\/learningapps.org\/view4065302\" target=\"_blank\" rel=\"noopener\">Game 2: School subjects mix (by S. Darrieux)<\/a><\/p>\n","protected":false},"excerpt":{"rendered":"<p>Apprenez les mati\u00e8res scolaires avec ces vid\u00e9os. La premi\u00e8re vid\u00e9o vous permet d&rsquo;apprendre la prononciation et de vous entra\u00eener \u00e0 prononcer les mati\u00e8res correctement: &nbsp; Game 1: School subjects audio (by S. Darrieux) Game 2: School subjects mix (by S. Darrieux)<\/p>\n","protected":false},"author":1,"featured_media":494,"parent":0,"menu_order":0,"comment_status":"closed","ping_status":"closed","template":"","meta":{"footnotes":""},"class_list":["post-490","page","type-page","status-publish","has-post-thumbnail","hentry"],"_links":{"self":[{"href":"https:\/\/english67.fr\/index.php?rest_route=\/wp\/v2\/pages\/490","targetHints":{"allow":["GET"]}}],"collection":[{"href":"https:\/\/english67.fr\/index.php?rest_route=\/wp\/v2\/pages"}],"about":[{"href":"https:\/\/english67.fr\/index.php?rest_route=\/wp\/v2\/types\/page"}],"author":[{"embeddable":true,"href":"https:\/\/english67.fr\/index.php?rest_route=\/wp\/v2\/users\/1"}],"replies":[{"embeddable":true,"href":"https:\/\/english67.fr\/index.php?rest_route=%2Fwp%2Fv2%2Fcomments&post=490"}],"version-history":[{"count":6,"href":"https:\/\/english67.fr\/index.php?rest_route=\/wp\/v2\/pages\/490\/revisions"}],"predecessor-version":[{"id":1332,"href":"https:\/\/english67.fr\/index.php?rest_route=\/wp\/v2\/pages\/490\/revisions\/1332"}],"wp:featuredmedia":[{"embeddable":true,"href":"https:\/\/english67.fr\/index.php?rest_route=\/wp\/v2\/media\/494"}],"wp:attachment":[{"href":"https:\/\/english67.fr\/index.php?rest_route=%2Fwp%2Fv2%2Fmedia&parent=490"}],"curies":[{"name":"wp","href":"https:\/\/api.w.org\/{rel}","templated":true}]}}