{"id":758,"date":"2017-02-02T08:43:14","date_gmt":"2017-02-02T07:43:14","guid":{"rendered":"http:\/\/english67.fr\/?page_id=758"},"modified":"2020-08-19T15:15:49","modified_gmt":"2020-08-19T14:15:49","slug":"present-perfect","status":"publish","type":"page","link":"https:\/\/english67.fr\/?page_id=758","title":{"rendered":"Present perfect"},"content":{"rendered":"<h1><span style=\"color: #000000;\">Vous l&rsquo;avez attendu, voici le tuto de Huito sur le present perfect:<\/span><\/h1>\n<p><iframe loading=\"lazy\" title=\"Le present perfect en anglais\" width=\"474\" height=\"267\" src=\"https:\/\/www.youtube.com\/embed\/m_yCGyB6p4g?feature=oembed\" frameborder=\"0\" allow=\"accelerometer; autoplay; clipboard-write; encrypted-media; gyroscope; picture-in-picture; web-share\" referrerpolicy=\"strict-origin-when-cross-origin\" allowfullscreen><\/iframe><\/p>\n<hr \/>\n<h1><span style=\"color: #993366;\"><strong><span style=\"color: #000000;\">Autres vid\u00e9os: Quand utilise-t-on le present perfect?<\/span><br \/>\n<\/strong><\/span><\/h1>\n<p><iframe loading=\"lazy\" title=\"Comment utiliser le present perfect en anglais\" width=\"474\" height=\"356\" src=\"https:\/\/www.youtube.com\/embed\/7fcB7c7RML4?feature=oembed\" frameborder=\"0\" allow=\"accelerometer; autoplay; clipboard-write; encrypted-media; gyroscope; picture-in-picture; web-share\" referrerpolicy=\"strict-origin-when-cross-origin\" allowfullscreen><\/iframe><\/p>\n<p><iframe loading=\"lazy\" title=\"When to Use the Present Perfect Tense | With example sentences\" width=\"474\" height=\"267\" src=\"https:\/\/www.youtube.com\/embed\/o1_0Gz4uRKo?feature=oembed\" frameborder=\"0\" allow=\"accelerometer; autoplay; clipboard-write; encrypted-media; gyroscope; picture-in-picture; web-share\" referrerpolicy=\"strict-origin-when-cross-origin\" allowfullscreen><\/iframe><\/p>\n<hr \/>\n<h1><span style=\"color: #000000;\"><strong>Present perfect vs. preterite<\/strong><\/span><\/h1>\n<p><strong><span style=\"color: #000000;\">Comment choisir entre le pr\u00e9t\u00e9rit et le present perfect?<br \/>\n<\/span><\/strong><\/p>\n<p><iframe loading=\"lazy\" title=\"Pr\u00e9t\u00e9rit ou Present perfect?\" width=\"474\" height=\"267\" src=\"https:\/\/www.youtube.com\/embed\/5oFMUdeQvgk?feature=oembed\" frameborder=\"0\" allow=\"accelerometer; autoplay; clipboard-write; encrypted-media; gyroscope; picture-in-picture; web-share\" referrerpolicy=\"strict-origin-when-cross-origin\" allowfullscreen><\/iframe><\/p>\n<p><iframe loading=\"lazy\" title=\"Present Perfect Tense vs. Past Simple: Tom\u2019s Story (A comical story of Tom, the ESL student - Video)\" width=\"474\" height=\"267\" src=\"https:\/\/www.youtube.com\/embed\/q1LKzp2ozVM?feature=oembed\" frameborder=\"0\" allow=\"accelerometer; autoplay; clipboard-write; encrypted-media; gyroscope; picture-in-picture; web-share\" referrerpolicy=\"strict-origin-when-cross-origin\" allowfullscreen><\/iframe><\/p>\n<hr \/>\n<h1><span style=\"color: #000000;\">JEUX<\/span><\/h1>\n<p><a href=\"https:\/\/learningapps.org\/view2022605\" target=\"_blank\" rel=\"noopener noreferrer\">Activit\u00e9 1: Compl\u00e9ter avec le bon participe pass\u00e9 (by I. Boresy)<\/a><\/p>\n<p><a href=\"https:\/\/learningapps.org\/view2025817\" target=\"_blank\" rel=\"noopener noreferrer\">Activit\u00e9 2: Idem (by I. Boresy)<\/a><\/p>\n<p><a href=\"https:\/\/learningapps.org\/view3022366\" target=\"_blank\" rel=\"noopener noreferrer\">Activit\u00e9 3: Idem (by teacherletang)<\/a><\/p>\n<p><a href=\"https:\/\/learningapps.org\/view1660311\" target=\"_blank\" rel=\"noopener noreferrer\">Activit\u00e9 4: Questions sur l&#8217;emploi du present perfect (by l. Rocheron)<\/a><\/p>\n<p><a href=\"https:\/\/learningapps.org\/view1426904\" target=\"_blank\" rel=\"noopener noreferrer\">Activit\u00e9 5: Present perfect avec already et not yet (\u00e9crire) (by M. Frote)<\/a><\/p>\n<p><a href=\"https:\/\/learningapps.org\/view3062390\" target=\"_blank\" rel=\"noopener noreferrer\">Activit\u00e9 6: \u00ab\u00a0Been\u00a0\u00bb ou \u00ab\u00a0Gone\u00a0\u00bb (by teacherletang)<\/a><\/p>\n<p><a href=\"https:\/\/www.youtube.com\/watch?v=BX-Fu6hURW4\" target=\"_blank\" rel=\"noopener noreferrer\">Activit\u00e9 7: Exercices en vid\u00e9o (avec corrections)<\/a><\/p>\n<p><a href=\"https:\/\/www.youtube.com\/watch?v=yAXVTd6ajnY\" target=\"_blank\" rel=\"noopener noreferrer\">Activit\u00e9 8: Exercices en vid\u00e9o 2 (avec corrections)<\/a><\/p>\n<p><a href=\"https:\/\/www.youtube.com\/watch?v=hzqHfiucxGw\" target=\"_blank\" rel=\"noopener noreferrer\">Activit\u00e9 9: Quiz vid\u00e9o<\/a><\/p>\n","protected":false},"excerpt":{"rendered":"<p>Vous l&rsquo;avez attendu, voici le tuto de Huito sur le present perfect: Autres vid\u00e9os: Quand utilise-t-on le present perfect? Present perfect vs. preterite Comment choisir entre le pr\u00e9t\u00e9rit et le present perfect? JEUX Activit\u00e9 1: Compl\u00e9ter avec le bon participe pass\u00e9 (by I. Boresy) Activit\u00e9 2: Idem (by I. Boresy) Activit\u00e9 3: Idem (by teacherletang) &hellip; <a href=\"https:\/\/english67.fr\/?page_id=758\" class=\"more-link\">Continuer la lecture de <span class=\"screen-reader-text\">Present perfect<\/span>  <span class=\"meta-nav\">&rarr;<\/span><\/a><\/p>\n","protected":false},"author":1,"featured_media":0,"parent":0,"menu_order":0,"comment_status":"closed","ping_status":"closed","template":"","meta":{"footnotes":""},"class_list":["post-758","page","type-page","status-publish","hentry"],"_links":{"self":[{"href":"https:\/\/english67.fr\/index.php?rest_route=\/wp\/v2\/pages\/758","targetHints":{"allow":["GET"]}}],"collection":[{"href":"https:\/\/english67.fr\/index.php?rest_route=\/wp\/v2\/pages"}],"about":[{"href":"https:\/\/english67.fr\/index.php?rest_route=\/wp\/v2\/types\/page"}],"author":[{"embeddable":true,"href":"https:\/\/english67.fr\/index.php?rest_route=\/wp\/v2\/users\/1"}],"replies":[{"embeddable":true,"href":"https:\/\/english67.fr\/index.php?rest_route=%2Fwp%2Fv2%2Fcomments&post=758"}],"version-history":[{"count":13,"href":"https:\/\/english67.fr\/index.php?rest_route=\/wp\/v2\/pages\/758\/revisions"}],"predecessor-version":[{"id":2171,"href":"https:\/\/english67.fr\/index.php?rest_route=\/wp\/v2\/pages\/758\/revisions\/2171"}],"wp:attachment":[{"href":"https:\/\/english67.fr\/index.php?rest_route=%2Fwp%2Fv2%2Fmedia&parent=758"}],"curies":[{"name":"wp","href":"https:\/\/api.w.org\/{rel}","templated":true}]}}