{"id":765,"date":"2017-02-08T08:48:50","date_gmt":"2017-02-08T07:48:50","guid":{"rendered":"http:\/\/english67.fr\/?page_id=765"},"modified":"2020-08-19T15:39:01","modified_gmt":"2020-08-19T14:39:01","slug":"body","status":"publish","type":"page","link":"https:\/\/english67.fr\/?page_id=765","title":{"rendered":"Body"},"content":{"rendered":"<h1><span style=\"color: #000000;\">Voici le lexique du corps humain expliqu\u00e9 en vid\u00e9o:<\/span><\/h1>\n<p><iframe loading=\"lazy\" title=\"Cours d&#039;anglais avec Huito: le vocabulaire du corps humain\" width=\"474\" height=\"267\" src=\"https:\/\/www.youtube.com\/embed\/vC0TyPRjv6A?feature=oembed\" frameborder=\"0\" allow=\"accelerometer; autoplay; clipboard-write; encrypted-media; gyroscope; picture-in-picture; web-share\" referrerpolicy=\"strict-origin-when-cross-origin\" allowfullscreen><\/iframe><\/p>\n<hr \/>\n<h1><span style=\"color: #808000;\"><strong><span style=\"color: #000000;\">JEUX<\/span><br \/>\n<\/strong><\/span><\/h1>\n<p><a href=\"https:\/\/learningapps.org\/watch?v=p32iwgb0j20\" target=\"_blank\" rel=\"noopener noreferrer\">Body parts (Mrs F.)<\/a><\/p>\n<p><a href=\"https:\/\/learningapps.org\/view350733\" target=\"_blank\" rel=\"noopener noreferrer\">Diff\u00e9rentes activit\u00e9s sur le corps humain pour m\u00e9moriser le vocabulaire<\/a><\/p>\n","protected":false},"excerpt":{"rendered":"<p>Voici le lexique du corps humain expliqu\u00e9 en vid\u00e9o: JEUX Body parts (Mrs F.) Diff\u00e9rentes activit\u00e9s sur le corps humain pour m\u00e9moriser le vocabulaire<\/p>\n","protected":false},"author":1,"featured_media":0,"parent":0,"menu_order":0,"comment_status":"closed","ping_status":"closed","template":"","meta":{"footnotes":""},"class_list":["post-765","page","type-page","status-publish","hentry"],"_links":{"self":[{"href":"https:\/\/english67.fr\/index.php?rest_route=\/wp\/v2\/pages\/765","targetHints":{"allow":["GET"]}}],"collection":[{"href":"https:\/\/english67.fr\/index.php?rest_route=\/wp\/v2\/pages"}],"about":[{"href":"https:\/\/english67.fr\/index.php?rest_route=\/wp\/v2\/types\/page"}],"author":[{"embeddable":true,"href":"https:\/\/english67.fr\/index.php?rest_route=\/wp\/v2\/users\/1"}],"replies":[{"embeddable":true,"href":"https:\/\/english67.fr\/index.php?rest_route=%2Fwp%2Fv2%2Fcomments&post=765"}],"version-history":[{"count":6,"href":"https:\/\/english67.fr\/index.php?rest_route=\/wp\/v2\/pages\/765\/revisions"}],"predecessor-version":[{"id":2199,"href":"https:\/\/english67.fr\/index.php?rest_route=\/wp\/v2\/pages\/765\/revisions\/2199"}],"wp:attachment":[{"href":"https:\/\/english67.fr\/index.php?rest_route=%2Fwp%2Fv2%2Fmedia&parent=765"}],"curies":[{"name":"wp","href":"https:\/\/api.w.org\/{rel}","templated":true}]}}